 divided by i?
12
Suppose 0 = w - b - 44, -b = 3*w - 84 - 64. Suppose w = 4*r - 4*t, -2*r + 2*t + 27 = -t. Calculate the remainder when 34 is divided by r.
7
Suppose -2*d + h = 2*d + 8, -2*h = 5*d + 10. What is the remainder when 27 is divided by (-368)/(-26) - 4 - d/(-13)?
7
Let o be (-7)/(-42)*-3 - 10/(-4). Suppose o*x - 6 - 34 = 0. What is the remainder when x is divided by 11?
9
Let a = 30 + 28. What is the remainder when a is divided by 52?
6
Let f be -3*(2/(-3) + 0). What is the remainder when 69 is divided by f/(-4)*(-6 - 102)/3?
15
Suppose -3*g - 20 = -p - 3*p, p + 5*g + 18 = 0. Suppose -3*r + 45 = p*r. What is the remainder when 29 is divided by r?
2
Suppose 1436 = 106*z + 58. What is the remainder when z is divided by 3?
1
Suppose -n - 60 + 62 = 0. Suppose -4*f = t - 2, -n*t - 2*f + 4 = -4*f. Calculate the remainder when 4 is divided by t.
0
What is the remainder when 71 is divided by (-1)/((-4)/3 + 1815/1395)?
9
Let a(s) = 2*s**2 + 39*s + 404. Calculate the remainder when a(-23) is divided by 52.
45
Let c(u) = -u**3 - 2*u**2 + 43*u - 25. What is the remainder when 186 is divided by c(-8)?
6
Let w be (56/(-21))/((-24)/(-9) - 3). Suppose 4*o + w*q = 7*q + 218, -o + 60 = 3*q. Calculate the remainder when o is divided by 14.
12
Let y = -60 + 66. Calculate the remainder when 77 is divided by y.
5
Calculate the remainder when 30 is divided by -19 - -34 - 1*(1 + -2).
14
Suppose 6*y - 220 = y. Suppose y = 35*g - 31*g. What is the remainder when 3/4 - (-121)/4 is divided by g?
9
Suppose -172 = 55*u - 2042. What is the remainder when 361 is divided by u?
21
Let j(w) = -w**2 + 7*w + 115. What is the remainder when 118 is divided by j(14)?
16
Calculate the remainder when 47 is divided by (5 + -12 - -2) + 27 - 5.
13
Let g be (-303)/(-7) - 1*4/14. Let s = -33 + g. What is the remainder when 38 is divided by s?
8
Suppose 9*h = -4 + 166. What is the remainder when 296 is divided by h?
8
Let w = 217 + -154. Let g = 184 + -168. What is the remainder when w is divided by g?
15
Suppose 0 = s - 2*d, s - 2*d + 4*d = 8. Suppose -6 = -s*k + 2*k. What is the remainder when 13 is divided by k?
1
Let t = 57 - 17. Let f(y) = -23*y - 8. What is the remainder when f(-9) is divided by t?
39
Let t(l) = 2*l**3 - 24*l**2 + 12*l - 43. What is the remainder when t(12) is divided by 34?
33
What is the remainder when 54 is divided by 12/9 - (-1120)/24?
6
Let k be (-2)/7 - 6/((-84)/74). Suppose k*d - 209 = 431. Calculate the remainder when d is divided by 44.
40
Suppose 4*i + c - 49 = 0, 4*i + 3*c - 58 = 5*c. Suppose -o + i = 5. Let t(s) = s**3 - 7*s**2 - 8*s + 10. Calculate the remainder when 38 is divided by t(o).
8
Let b be (0 + (-2)/4)*2. What is the remainder when 1*8/(-4) + (7 - 0) is divided by (b - 0) + (3 - 0)?
1
Let o(b) = b**2 - 2*b + 2. Let i be o(0). Suppose -104 = -x - 2*x - 5*l, -i*l = 4*x - 120. Calculate the remainder when 72 is divided by x.
16
Suppose d + 0*d - 8 = 0. Suppose -5*h + 4*o + 207 = 0, -4*o - 44 - 7 = -h. What is the remainder when h is divided by d?
7
Suppose 4*w = -39 - 73. Let q = w + 46. Let i = -2 + 9. What is the remainder when q is divided by i?
4
Let g = -195 + 221. Calculate the remainder when 43 is divided by g.
17
Let u(t) = 3*t**2 + 20*t - 157. Calculate the remainder when 908 is divided by u(-12).
33
What is the remainder when 105 is divided by (-12)/72 + 23/(-6) - -40?
33
Suppose -5*u + 4*u - s = -14, -4*s + 4 = 0. Suppose -2*g = 2*a - 72, -4*a + 256 = -g + 112. Calculate the remainder when a is divided by u.
10
Suppose 0 = 3*i + 5 - 20. Let j = 3 - 3. What is the remainder when i is divided by (-2)/6*(j + -6)?
1
Suppose -a - 140 = -4*z, -7*z + 2*z + 2*a + 175 = 0. What is the remainder when 108 is divided by z?
3
Let x(z) = 9*z + 367. What is the remainder when 340 is divided by x(-36)?
39
Suppose -190 = -4*t + 254. Let o(x) = -4*x - 60. What is the remainder when t is divided by o(-19)?
15
Let r = -15 + 9. Let l = r + 14. Calculate the remainder when (28/l - 4)*-42 is divided by 11.
10
Suppose 0 = -2*i + 6*y - 3*y + 102, -204 = -4*i + y. Calculate the remainder when i is divided by 28.
23
Let r = -10 - -20. Let q be -20 + ((-18)/3 - -4). What is the remainder when 46 is divided by (-16)/r*165/q?
10
Suppose 175 = 2*q + 3*r, -3*r = -8*r - 25. What is the remainder when q is divided by 34?
27
Suppose 4*y + 16 = -28. Let a = 1 + y. Calculate the remainder when (-4)/(-20) + (-128)/a is divided by 3.
1
What is the remainder when 100 is divided by 14520/(-176)*(0 + (-4)/5)?
34
Suppose -5*s = 3*x - 1165, -5*s + 1160 = -2*x + 4*x. Suppose -60 + s = -2*g. Let i = g - -120. What is the remainder when i is divided by 18?
17
Let a(n) = n**3 - 2. Let u(g) = -g. Let l be u(-5). Suppose -3*h = l*v - 28, -5*h - 5*v = -2*v - 52. Calculate the remainder when h is divided by a(2).
5
Suppose 4*l = 2*q - 32, q + 2*q = 4*l + 50. Let o = -13 + q. Let j(a) = 3*a**2 - 3*a + 2. Calculate the remainder when j(2) is divided by o.
3
Suppose -m - z - 2 = 0, 10*m - 3*z = 6*m + 27. Suppose -5*o - 4*p = -937, -m*o + o + p + 367 = 0. What is the remainder when o is divided by 31?
30
Suppose 0 = -20*u + 18*u + 22. Suppose -3*d + 0*d = -4*v + 12, 0 = -5*d + 4*v - 28. Let a = u + d. Calculate the remainder when 7 is divided by a.
1
Let m(z) = z**2 + 8*z - 8. Let v(n) = n**3 - 3*n**2 - n - 22. Calculate the remainder when v(5) is divided by m(-10).
11
Let t = 77 + -76. Let g be ((-16)/(-6) + -2)*-3. Let q = t - g. What is the remainder when 6 is divided by q?
0
Suppose 5*m = 1547 + 4388. Calculate the remainder when m is divided by 70.
67
Suppose 0 = -9*n + 19 + 17. Suppose 25 = 5*k - n*h - 119, 2*k + 3*h - 76 = 0. Let s = -3 - -14. Calculate the remainder when k is divided by s.
10
Let l(q) = -9*q + 2. Let g(y) = 341*y - 77. Let r(t) = -2*g(t) - 77*l(t). Calculate the remainder when r(2) is divided by -1 - (-100)/8 - (-2)/4.
10
Let h be 60/14 - 6/21. Suppose -2*j + 8 = -3*j - 4*g, -2*g = 8. Suppose -48 = -j*n + h*n. Calculate the remainder when n is divided by 5.
2
Suppose -2*g = -3*k - 31 - 4, -2*g + 53 = 3*k. Let a = g - 12. What is the remainder when 26 is divided by a?
6
Suppose -3*m = -5*m. Suppose 5*t - 58 - 172 = m. Calculate the remainder when t is divided by 12.
10
Suppose 2 = 4*y - 18, 0 = 4*s - 4*y + 36. Let g(d) = -d**3 - 4*d**2 + d + 11. What is the remainder when 12 is divided by g(s)?
5
Let m(l) = l**2 + 3*l + 3. Suppose -2*d - 8 = 0, -72 - 32 = a - 3*d. Let g = a - -138. What is the remainder when g is divided by m(-5)?
9
Let t(x) = -x**3 - 7*x**2 - 9*x + 9. Let r be t(-4). Let h(d) = -d**3 - 2*d**2 + 4*d + 12. What is the remainder when 52 is divided by h(r)?
7
Let g = -190 + 284. Suppose -5*a - 3*v = v - 73, 5*a = 3*v + g. What is the remainder when ((-10)/(-5))/((-2)/(-31)) is divided by a?
14
Let o be 15/(2 + 28/(-12)). Let n = 47 - o. Suppose -5*h + n + 58 = 0. What is the remainder when h is divided by 11?
8
Let p = 836 - 424. What is the remainder when p is divided by 83?
80
Suppose 26 = 2*i - 90. Let z(d) = d**3 + 16*d**2 + 12*d - 30. Calculate the remainder when i is divided by z(-15).
13
Suppose 0 = 3*x - 64 - 35. Calculate the remainder when 38 - (4/(-22) + (-27)/x) is divided by 10.
9
Suppose 2*i - 6 = 0, -5 = -5*w - i - 2. Suppose w = -6*p + 18 - 6. Calculate the remainder when 4 is divided by p.
0
Let j = -1474 - -1572. Calculate the remainder when j is divided by 1.
0
Let a(s) = 106*s**2 - 2*s. Let x be a(-1). Suppose -8*u = -5*u - x. Let t = u + -22. What is the remainder when t is divided by 3?
2
Suppose 4*x = 20, 2*o - 3*x + 13 = 4*o. Calculate the remainder when 173 is divided by 5/1 + 12 + o.
13
Let o(v) = 3*v**3 + 3*v**2 + 3*v. Let c be o(-2). Let y = c - -17. What is the remainder when 57 is divided by -3 - (-3 + y + -14)?
12
Suppose 0 = 2*k + 6, -4*g - 2*k + 1 = -69. Let j be (-80)/(-5)*(-3)/(-6). Calculate the remainder when 1 + 51 - (5 + -1 - j) is divided by g.
18
Let p(w) = w**3 - 9*w**2 + 12*w + 34. Suppose n - 4*s = 4*n - 254, -4*n + 2*s + 302 = 0. What is the remainder when n is divided by p(7)?
18
Suppose 95*d = 90*d + 7310. What is the remainder when d is divided by 77?
76
Let r be ((-5)/(100/(-465)))/((-1)/4). Let u = -87 - r. Let n(o) = -o**3 + 4*o**2 + 4*o + 7. Calculate the remainder when u is divided by n